mposite?
True
Is 14078459 composite?
False
Is 198164497 prime?
True
Is 59604761 prime?
False
Is 2374021679 a composite number?
True
Is 3095292553 a prime number?
True
Is 27093187354 composite?
True
Is 453129783 a composite number?
True
Is 19555317689 a composite number?
False
Is 24410667143 a prime number?
False
Is 500867893 a composite number?
False
Is 211300051 prime?
True
Is 396500459 prime?
False
Is 287378303 prime?
True
Is 118141223 a prime number?
True
Is 9594901489 composite?
False
Is 17805845263 prime?
False
Is 18742661117 a prime number?
True
Is 10303140335 a prime number?
False
Is 5123387491 a composite number?
False
Is 13762725983 a composite number?
False
Is 7551975367 a prime number?
True
Is 245177579341 a prime number?
True
Is 204649639 composite?
False
Is 879923209 composite?
True
Is 8406124711 a composite number?
False
Is 35167861 prime?
False
Is 1737096523 composite?
False
Is 2399646637 a prime number?
False
Is 16208298287 prime?
False
Is 158788598329 prime?
True
Is 2018211449 a composite number?
False
Is 39860983763 a prime number?
False
Is 16038405589 prime?
False
Is 2891682707 composite?
False
Is 4466064749 prime?
False
Is 56428573 a prime number?
True
Is 26559475801 a prime number?
True
Is 37717566617 a prime number?
True
Is 3619189091 prime?
False
Is 2284055003 a composite number?
False
Is 4548110891 composite?
False
Is 43500254129 a prime number?
False
Is 11906422391 a prime number?
False
Is 78162793 composite?
False
Is 782241769 a composite number?
True
Is 235746347 a prime number?
True
Is 2164092215 composite?
True
Is 79727907839 a prime number?
False
Is 9593263621 composite?
False
Is 56254249 prime?
True
Is 1854313709 prime?
False
Is 1455591427 prime?
False
Is 35084389709 a composite number?
False
Is 14692547 prime?
True
Is 14683628257 prime?
True
Is 190327434889 prime?
True
Is 53677095721 composite?
True
Is 165798526 a composite number?
True
Is 627275069 prime?
False
Is 14819512879 a composite number?
True
Is 97733217161 a prime number?
True
Is 779209789 a prime number?
True
Is 6965663879 composite?
False
Is 41127406953 a prime number?
False
Is 34724483 composite?
False
Is 2601515909 a prime number?
True
Is 627312196241 prime?
True
Is 25247143933 composite?
True
Is 256823815 a prime number?
False
Is 1995839231 composite?
False
Is 7532550979 a composite number?
False
Is 235728951823 composite?
True
Is 2943985589 a composite number?
False
Is 36993191 a composite number?
False
Is 8504548942 composite?
True
Is 92561416069 a composite number?
False
Is 103258763 composite?
True
Is 96909824783 a composite number?
True
Is 905422667 a prime number?
False
Is 1189630583 composite?
True
Is 24727971427 a prime number?
False
Is 1493279173 prime?
True
Is 956446921 prime?
True
Is 14540914601 a composite number?
False
Is 94959762197 composite?
True
Is 1792542151 composite?
True
Is 81905712935 a composite number?
True
Is 20059805537 a prime number?
False
Is 152587961569 composite?
False
Is 6977246831 a prime number?
True
Is 26117309 prime?
False
Is 6761693 prime?
False
Is 52912733 prime?
False
Is 9754397557 a prime number?
True
Is 74827012591 composite?
False
Is 559193059 composite?
False
Is 7065470713 a composite number?
True
Is 81464025101 a composite number?
True
Is 23398107569 composite?
False
Is 15447994115 composite?
True
Is 107206079 a composite number?
True
Is 7954335643 a composite number?
False
Is 141418652827 a composite number?
True
Is 180821491009 composite?
False
Is 5271938429 a prime number?
True
Is 2163728333 composite?
True
Is 5559851321 a composite number?
False
Is 78878075063 composite?
True
Is 6151443269 composite?
False
Is 21479473753 a composite number?
False
Is 1159918031 composite?
True
Is 966632897 a prime number?
True
Is 49600362963 composite?
True
Is 1839488177 a prime number?
False
Is 1856738797 composite?
False
Is 176321801041 a prime number?
True
Is 2714153773 a prime number?
False
Is 102265559821 composite?
False
Is 6658778249 composite?
False
Is 9006500071 prime?
False
Is 1988154955 prime?
False
Is 16195359641 prime?
True
Is 25844389583 a composite number?
True
Is 2799341511 prime?
False
Is 69677289161 prime?
False
Is 8840366111 prime?
True
Is 5674774957 a prime number?
True
Is 29917226941 a prime number?
False
Is 6770344049 a prime number?
False
Is 9242957431 composite?
False
Is 2418167 prime?
False
Is 117984154553 a prime number?
True
Is 2831502181 a prime number?
False
Is 6294632411 a composite number?
False
Is 14678407141 prime?
False
Is 8751354239 composite?
False
Is 24913436351 composite?
False
Is 1075149433 prime?
True
Is 1785782783 prime?
True
Is 195979066877 prime?
False
Is 391012577 prime?
True
Is 554357873 a prime number?
False
Is 67826555657 a composite number?
True
Is 769889513 a composite number?
True
Is 1226592181 prime?
True
Is 534803405 a composite number?
True
Is 2163623753 a prime number?
True
Is 1152937591 a prime number?
False
Is 15827359103 prime?
True
Is 32325670079 prime?
True
Is 187014901 composite?
False
Is 50214808271 a composite number?
False
Is 1155644767 a prime number?
True
Is 63614472167 composite?
False
Is 209918102539 prime?
True
Is 670377297047 prime?
True
Is 161803703 a composite number?
False
Is 131582029 a composite number?
False
Is 4717785227 a prime number?
False
Is 259203173 prime?
True
Is 54594866639 a prime number?
True
Is 5463594737 a prime number?
False
Is 95464337 a prime number?
False
Is 663947143 prime?
False
Is 38837831 composite?
False
Is 412298863 a prime number?
False
Is 2357302357 a composite number?
True
Is 16612566157 a prime number?
False
Is 33327694 composite?
True
Is 20968933643 composite?
True
Is 238544441 a prime number?
False
Is 40331900107 prime?
True
Is 192583291 a prime number?
False
Is 77870941 composite?
False
Is 1030362757 composite?
False
Is 6320290219 a composite number?
False
Is 16820153773 prime?
False
Is 35560944451 a prime number?
False
Is 53796468557 a prime number?
False
Is 3905661899 a composite number?
True
Is 1719724603 composite?
False
Is 2661894163 a prime number?
False
Is 2296956209 a prime number?
False
Is 412552043 prime?
True
Is 3065938987 prime?
True
Is 438262957 a prime number?
False
Is 1998005983 a prime number?
True
Is 435333354743 composite?
True
Is 4292095163 prime?
False
Is 302754941 a prime number?
True
Is 234788463557 composite?
False
Is 6016423421 prime?
False
Is 1645427573 a prime number?
False
Is 17850567269 composite?
True
Is 1666551881 prime?
True
Is 16399651043 a prime number?
True
Is 109615453037 a composite number?
True
Is 1737141019 a composite number?
False
Is 2383185529 a prime number?
False
Is 42622163 a composite number?
False
Is 21414428137 a prime number?
False
Is 5079843271 prime?
True
Is 12793915523 a prime number?
True
Is 399508493 prime?
False
Is 713107253 a prime number?
False
Is 799611935 a prime number?
False
Is 1250346577 prime?
False
Is 20053181829 composite?
True
Is 988740593 composite?
True
Is 7561474313 prime?
False
Is 24412307 composite?
False
Is 17368972997 a prime number?
False
Is 30916481698 a composite number?
True
Is 5110409881 a prime number?
True
Is 230102819 prime?
True
Is 13831943261 a composite number?
False
Is 970119041 composite?
False
Is 491700257 composite?
True
Is 99640143593 prime?
False
Is 3724140923 a composite number?
True
Is 20933421149 a composite number?
False
Is 296323213 a composite number?
True
Is 8133566447 a composite number?
True
Is 12234681373 prime?
True
Is 1256772355273 a composite number?
False
Is 8236023853 composite?
False
Is 41878956907 composite?
False
Is 3699739429 composite?
True
Is 1049238409 composite?
False
Is 28838077183 composite?
True
Is 460328213 a prime number?
False
Is 1581355067 a composite number?
False
Is 53090865739 a composite number?
False
Is 227477959 composite?
True
Is 4238199842 a composite number?
True
Is 1267399949 prime?
False
Is 742172521 a prime number?
True
Is 20886599297 prime?
True
Is 1223404253 a prime number?
True
Is 332136571 composite?
True
Is 914491057 a composite number?
True
Is 1841352203 a prime number?
True
Is 4824294443 composite?
False
Is 4586701349 composite?
True
Is 8818301521 prime?
True
Is 2903960629 a prime number?
False
Is 4688676803 composite?
True
Is 91717880221 composite?
True
Is 6215673565 a prim